{"id":3994,"date":"2026-03-18T23:12:38","date_gmt":"2026-03-18T22:12:38","guid":{"rendered":"https:\/\/justynow-janowka.pl\/?page_id=3994"},"modified":"2026-03-19T07:35:43","modified_gmt":"2026-03-19T06:35:43","slug":"klauzula-informacyjna","status":"publish","type":"page","link":"https:\/\/justynow-janowka.pl\/index.php\/klauzula-informacyjna\/","title":{"rendered":"Klauzula informacyjna"},"content":{"rendered":"\n<h3 class=\"wp-block-heading\">Klauzula informacyjna<\/h3>\n\n\n\n<p style=\"text-transform:none\">Zgodnie z art. 13 ust. 1 i 2 rozporz\u0105dzenia Parlamentu Europejskiego i Rady (UE) 2016\/679 z 27.04.2016 r. w sprawie ochrony os\u00f3b fizycznych w zwi\u0105zku z przetwarzaniem danych osobowych i w sprawie swobodnego przep\u0142ywu takich danych oraz uchylenia dyrektywy 95\/46\/WE (og\u00f3lne rozporz\u0105dzenie o ochronie danych) (Dz. Urz. UE L 119 z 04.05.2016, s. 1) \u2013 dalej RODO \u2212 informujemy:<\/p>\n\n\n\n<p style=\"text-transform:none\"><strong>I. Kto jest Administratorem Twoich danych osobowych?<\/strong><\/p>\n\n\n\n<p style=\"text-transform:none\">Stowarzyszenie Rozwoju Justynowa i Jan\u00f3wki z siedzib\u0105 w Justynowie przy ul. \u0141\u00f3dzka 35, 95-020 mail: stowarzyszenie.justjan@gmail.com&nbsp;jest Administratorem Twoich&nbsp;danych osobowych.<\/p>\n\n\n\n<p style=\"text-transform:none\"><strong>II. W jakim celu i na jakiej podstawie przetwarzane s\u0105 Twoje dane osobowe?<\/strong><\/p>\n\n\n\n<p style=\"text-transform:none\">1. Wykonania umowy \u2013 czyli Twojego udzia\u0142u w imprezie (art. 6 ust 1 lit. b&nbsp;RODO):<\/p>\n\n\n\n<ul style=\"text-transform:none\" class=\"wp-block-list\">\n<li>Twojego uczestnictwa w imprezie na kt\u00f3r\u0105 zg\u0142aszasz si\u0119 przez stron\u0119 https:\/\/zapisy.inessport.pl (przygotowanie pakietu startowego, opracowanie wynik\u00f3w, wydanie nagr\u00f3d itp.)<\/li>\n\n\n\n<li>publikowania og\u00f3lnodost\u0119pnych list startowych oraz wynik\u00f3w<\/li>\n\n\n\n<li>dostarczania us\u0142ug p\u0142atniczych<\/li>\n\n\n\n<li>przesy\u0142anie informacji organizacyjnych (email \/ SMS) o imprezie na kt\u00f3r\u0105 zg\u0142aszasz si\u0119 przez stron\u0119 https:\/\/zapisy.inessport.pl<\/li>\n\n\n\n<li>obs\u0142ugi zg\u0142osze\u0144 i korespondencji, kt\u00f3re do nas kierujesz<\/li>\n\n\n\n<li>kontaktu z Tob\u0105<\/li>\n\n\n\n<li>umo\u017cliwieniu kontaktu z Tob\u0105 wspieranej przez Ciebie organizacji charytatywnej (w przypadku wsparcia celu charytatywnego)<\/li>\n<\/ul>\n\n\n\n<p style=\"text-transform:none\">2. Wykonania obowi\u0105zk\u00f3w prawnych ci\u0105\u017c\u0105cych na Stowarzyszeniu Rozwoju Justynowa i Jan\u00f3wki (art. 6 ust 1 lit. c\u00a0RODO):<\/p>\n\n\n\n<ul style=\"text-transform:none\" class=\"wp-block-list\">\n<li>w celach podatkowych i rachunkowych<\/li>\n<\/ul>\n\n\n\n<p style=\"text-transform:none\">3. W celach wynikaj\u0105cych z prawnie uzasadnionych interes\u00f3w Stowarzyszenia Rozwoju Justynowa i Jan\u00f3wki (art. 6 ust. 1 lit. f\u00a0RODO):<\/p>\n\n\n\n<ul style=\"text-transform:none\" class=\"wp-block-list\">\n<li>prowadzenia marketingu bezpo\u015bredniego produkt\u00f3w i us\u0142ug<\/li>\n\n\n\n<li>obs\u0142ugi zg\u0142osze\u0144 i korespondencji, kt\u00f3re do nas kierujesz<\/li>\n\n\n\n<li>kontaktu z Tob\u0105<\/li>\n\n\n\n<li>przeciwdzia\u0142ania oszustwom i nadu\u017cyciom<\/li>\n<\/ul>\n\n\n\n<p style=\"text-transform:none\">4. Na podstawie wyra\u017conej przez Ciebie zgody (art. 6 ust. 1 lit. a&nbsp;RODO)&nbsp;:<\/p>\n\n\n\n<ul style=\"text-transform:none\" class=\"wp-block-list\">\n<li>przesy\u0142anie informacji marketingowych (email \/ SMS)<\/li>\n\n\n\n<li>promocji imprezy w nast\u0119pnych latach (art. 6 ust. 1 lit. a&nbsp;RODO&nbsp;w zw. z art. 81 ustawy prawo autorskie i prawach pokrewnych)<\/li>\n<\/ul>\n\n\n\n<p style=\"text-transform:none\"><strong>III. Czy musisz podawa\u0107 dane osobowe?<\/strong><\/p>\n\n\n\n<p style=\"text-transform:none\">Podanie danych osobowych jest niezb\u0119dne zar\u00f3wno do Twojego udzia\u0142u w imprezie jak i prowadzenia Twojego konta na stronie https:\/\/zapisy.inessport.pl Niepodanie danych osobowych uniemo\u017cliwia zawarcie umowy i udzia\u0142 w imprezie.<\/p>\n\n\n\n<p style=\"text-transform:none\"><strong>IV. Jak d\u0142ugo b\u0119d\u0105 przetwarzane Twoje dane osobowe?<\/strong><\/p>\n\n\n\n<p style=\"text-transform:none\">Twoje dane b\u0119d\u0105 przetwarzane w okresie korzystania ze strony https:\/\/zapisy.inessport.pl oraz udzia\u0142u w imprezach organizowanych przez Stowarzyszenie Rozwoju Justynowa i Jan\u00f3wki, na kt\u00f3re zapiszesz si\u0119 przez ww. Stron\u0119.<\/p>\n\n\n\n<p style=\"text-transform:none\">Po zako\u0144czeniu tego okresu, Twoje dane b\u0119d\u0105 nadal przechowywane w celach wynikaj\u0105cych z przepis\u00f3w prawa (szczeg\u00f3lnie podatkowych i rachunkowych) a tak\u017ce przeciwdzia\u0142ania oszustwom i nadu\u017cyciom oraz dochodzenia ewentualnych roszcze\u0144 wynikaj\u0105cych z zawartej umowy.<\/p>\n\n\n\n<p style=\"text-transform:none\">Cz\u0119\u015b\u0107 Twoich danych (szczeg\u00f3lnie te, kt\u00f3re znajduj\u0105 si\u0119 w wynikach imprezy) mog\u0105 by\u0107 przetwarzane tak\u017ce po tym terminie w celach statystycznych i archiwalnych.<\/p>\n\n\n\n<p style=\"text-transform:none\"><strong>V. Kto b\u0119dzie odbiorc\u0105 danych osobowych?<\/strong><\/p>\n\n\n\n<p style=\"text-transform:none\">Twoje dane osobowe mog\u0105 zosta\u0107 ujawnione:<\/p>\n\n\n\n<ul style=\"text-transform:none\" class=\"wp-block-list\">\n<li>podmiotom wspieraj\u0105cym nas w \u015bwiadczeniu us\u0142ug drog\u0105 elektroniczn\u0105, czyli takim, kt\u00f3re zapewniaj\u0105 us\u0142ugi p\u0142atnicze, wspomagaj\u0105 obs\u0142ug\u0119 u\u017cytkownik\u00f3w serwis\u00f3w, wspieraj\u0105 promocj\u0119 ofert, wsp\u00f3\u0142pracuj\u0105 w ramach kampanii marketingowych, dostarczaj\u0105 us\u0142ugi przechowywania danych,<\/li>\n\n\n\n<li>osobom upowa\u017cnionym przez nas \u2013 naszym pracownikom i wsp\u00f3\u0142pracownikom, kt\u00f3rzy musz\u0105 mie\u0107 dost\u0119p do danych, aby wykonywa\u0107 swoje obowi\u0105zki,<\/li>\n\n\n\n<li>podmiotom przetwarzaj\u0105cym \u2013 kt\u00f3rym zlecimy czynno\u015bci przetwarzania danych (na podstawie zawartych um\u00f3w),<\/li>\n\n\n\n<li>innym podmiotom wsp\u00f3\u0142pracuj\u0105cym z Administratorem np. ubezpieczycielom, ksi\u0119gowym, prawnikom, programistom, Organom Administracji Pa\u0144stwowej i Samorz\u0105dowej<\/li>\n\n\n\n<li>mo\u017cemy przekaza\u0107 Twoje dane osobowe organom publicznym walcz\u0105cym z oszustwami i nadu\u017cyciami<\/li>\n\n\n\n<li>innym podmiotom nie wymienionym powy\u017cej, w zakresie niezb\u0119dnym dla realizacji wcze\u015bniej wymienionych cel\u00f3w przetwarzania danych osobowych, np. w\u0142a\u015bcicielom portali internetowych Meta (Facebook) i YouTube, na kt\u00f3rych publikowane s\u0105 informacje, zdj\u0119cia i nagrania dotycz\u0105ce imprezy. Dane osobowe gromadzone przez Meta i YouTube tj. historia wpis\u00f3w, historia aktywno\u015bci oraz komentarze podlegaj\u0105 retencji na zasadach okre\u015blonych w regulaminach tych serwis\u00f3w.<\/li>\n<\/ul>\n\n\n\n<p style=\"text-transform:none\">Listy startowe i wyniki, zawieraj\u0105ce podstawowe dane osobowe, b\u0119d\u0105 og\u00f3lnodost\u0119pne, w tym b\u0119d\u0105 publikowane na stronie internetowej imprezy i Administratora.<\/p>\n\n\n\n<p style=\"text-transform:none\"><strong>VI. Jakie prawa przys\u0142uguj\u0105 Tobie z tytu\u0142u przetwarzania Twoich danych osobowych?<\/strong><\/p>\n\n\n\n<p style=\"text-transform:none\">Masz prawo do wniesienia \u017c\u0105dania: dost\u0119pu do Twoich danych osobowych, ich sprostowania (poprawiania), ich usuni\u0119cia, ograniczenia ich przetwarzania oraz do ich przenoszenia.<\/p>\n\n\n\n<p style=\"text-transform:none\">W ka\u017cdej chwili przys\u0142uguje Ci prawo do wniesienia sprzeciwu wobec przetwarzania Twoich danych opisanych powy\u017cej na podstawie art. 6 ust. 1 lit. f. Przestaniemy przetwarza\u0107 Twoje dane w tych celach, chyba \u017ce b\u0119dziemy w stanie wykaza\u0107, \u017ce w stosunku do Twoich danych istniej\u0105 dla nas wa\u017cne prawnie uzasadnione podstawy, kt\u00f3re s\u0105 nadrz\u0119dne wobec Twoich interes\u00f3w, praw i wolno\u015bci lub Twoje dane b\u0119d\u0105 nam niezb\u0119dne do ewentualnego ustalenia, dochodzenia lub obrony roszcze\u0144.<\/p>\n\n\n\n<p style=\"text-transform:none\">W ka\u017cdej chwili przys\u0142uguje Ci prawo do wycofania zgody na przetwarzanie Twoich danych osobowych (w zakresie w jakim przetwarzanie odbywa si\u0119 na jej podstawie&nbsp;art. 6 ust. 1 lit. a&nbsp;RODO), ale cofni\u0119cie zgody nie wp\u0142ywa na zgodno\u015b\u0107 z prawem przetwarzania, kt\u00f3rego dokonano na podstawie Twojej zgody przed jej wycofaniem.<\/p>\n\n\n\n<p style=\"text-transform:none\"><strong>VII. Czy Twoje dane b\u0119d\u0105 podlega\u0142y profilowaniu?<\/strong><\/p>\n\n\n\n<p style=\"text-transform:none\">W procesie przetwarzania danych osobowych nie dochodzi do zautomatyzowanego podejmowania decyzji, w tym do profilowania.<\/p>\n\n\n\n<p style=\"text-transform:none\"><strong>VIII. Do kogo mo\u017cesz wnie\u015b\u0107 skarg\u0119 na spos\u00f3b przetwarzania Twoich danych osobowych?<\/strong><\/p>\n\n\n\n<p>Skarg\u0119 mo\u017cesz wnie\u015b\u0107 do organu nadzorczego: Prezesa Urz\u0119du Ochrony Danych Osobowych, ul. Stawki 2, 00-193 Warszawa.<\/p>\n","protected":false},"excerpt":{"rendered":"<p>Klauzula informacyjna Zgodnie z art. 13 ust. 1 i 2 rozporz\u0105dzenia Parlamentu Europejskiego i Rady (UE) 2016\/679 z 27.04.2016 r. w sprawie ochrony os\u00f3b fizycznych w zwi\u0105zku z przetwarzaniem danych osobowych i w sprawie swobodnego przep\u0142ywu takich danych oraz uchylenia dyrektywy 95\/46\/WE (og\u00f3lne rozporz\u0105dzenie o ochronie danych) (Dz. Urz. UE L 119 z 04.05.2016, s&#8230;.<\/p>\n","protected":false},"author":2,"featured_media":3996,"parent":0,"menu_order":0,"comment_status":"closed","ping_status":"closed","template":"","meta":{"_kad_post_transparent":"","_kad_post_title":"","_kad_post_layout":"","_kad_post_sidebar_id":"","_kad_post_content_style":"","_kad_post_vertical_padding":"","_kad_post_feature":"","_kad_post_feature_position":"","_kad_post_header":false,"_kad_post_footer":false,"footnotes":""},"class_list":["post-3994","page","type-page","status-publish","has-post-thumbnail","hentry"],"_links":{"self":[{"href":"https:\/\/justynow-janowka.pl\/index.php\/wp-json\/wp\/v2\/pages\/3994","targetHints":{"allow":["GET"]}}],"collection":[{"href":"https:\/\/justynow-janowka.pl\/index.php\/wp-json\/wp\/v2\/pages"}],"about":[{"href":"https:\/\/justynow-janowka.pl\/index.php\/wp-json\/wp\/v2\/types\/page"}],"author":[{"embeddable":true,"href":"https:\/\/justynow-janowka.pl\/index.php\/wp-json\/wp\/v2\/users\/2"}],"replies":[{"embeddable":true,"href":"https:\/\/justynow-janowka.pl\/index.php\/wp-json\/wp\/v2\/comments?post=3994"}],"version-history":[{"count":7,"href":"https:\/\/justynow-janowka.pl\/index.php\/wp-json\/wp\/v2\/pages\/3994\/revisions"}],"predecessor-version":[{"id":4004,"href":"https:\/\/justynow-janowka.pl\/index.php\/wp-json\/wp\/v2\/pages\/3994\/revisions\/4004"}],"wp:featuredmedia":[{"embeddable":true,"href":"https:\/\/justynow-janowka.pl\/index.php\/wp-json\/wp\/v2\/media\/3996"}],"wp:attachment":[{"href":"https:\/\/justynow-janowka.pl\/index.php\/wp-json\/wp\/v2\/media?parent=3994"}],"curies":[{"name":"wp","href":"https:\/\/api.w.org\/{rel}","templated":true}]}}